686087 a composite number?
True
Is 13556328931 a composite number?
True
Is 31489551341 a prime number?
False
Is 54980770641 a prime number?
False
Is 6504771773 a composite number?
True
Is 20532613 composite?
False
Is 1243731319 a composite number?
True
Is 18221664971 a prime number?
True
Is 6468829567 prime?
True
Is 2182363979 composite?
True
Is 177198467 a prime number?
True
Is 8334709501 composite?
False
Is 810306667 a prime number?
True
Is 189921763 prime?
False
Is 293679383 a prime number?
True
Is 13976253887 prime?
True
Is 1191281407 composite?
False
Is 13450947623 a composite number?
True
Is 3336018743 a prime number?
True
Is 27866534 a composite number?
True
Is 856511483 a composite number?
True
Is 14748872129 a prime number?
False
Is 124361088901 prime?
False
Is 1483159021 prime?
False
Is 1375431149 composite?
False
Is 92587171633 prime?
False
Is 44110679189 composite?
False
Is 85851235 composite?
True
Is 3948131303 composite?
False
Is 4413274633 a composite number?
False
Is 1677744923 a prime number?
False
Is 232448639 prime?
False
Is 25691999647 composite?
False
Is 181257364697 prime?
True
Is 13070283229 a composite number?
True
Is 1651200041 a prime number?
True
Is 189444197 prime?
False
Is 457604557 a composite number?
False
Is 3040973521 a prime number?
True
Is 364614553 a prime number?
True
Is 13790809111 a prime number?
True
Is 216509005607 composite?
True
Is 1266358421 composite?
False
Is 1101261001 a composite number?
False
Is 563966017 composite?
False
Is 662873891 prime?
True
Is 19796736133 composite?
False
Is 22278342503 composite?
True
Is 4825613321 a prime number?
True
Is 39894458717 a prime number?
False
Is 8630294801 a prime number?
False
Is 5098704047 prime?
False
Is 459715519 a prime number?
True
Is 106018623173 a prime number?
False
Is 217567631 a composite number?
False
Is 322845863 a composite number?
True
Is 24724831489 a prime number?
True
Is 1033962949 a prime number?
False
Is 43315355287 a prime number?
True
Is 11737917949 composite?
False
Is 6334257269 a composite number?
False
Is 139230467 composite?
False
Is 6145939157 a prime number?
False
Is 767125643 a composite number?
True
Is 4140459523 prime?
True
Is 27508442069 a composite number?
True
Is 7042289047 composite?
True
Is 645498809 a prime number?
False
Is 49789627991 a composite number?
False
Is 3229130477 composite?
False
Is 4445068157 prime?
False
Is 1861878731 composite?
False
Is 3733325659 composite?
True
Is 1658659631 a prime number?
True
Is 42173911 prime?
False
Is 705925463 prime?
True
Is 1321467209 prime?
True
Is 6736507691 a composite number?
False
Is 202503754 composite?
True
Is 1233445159 prime?
False
Is 4252650707 composite?
False
Is 5985323429 a composite number?
True
Is 1937593399 prime?
False
Is 19635509387 prime?
False
Is 6252363599 prime?
True
Is 114068259583 prime?
False
Is 38870535653 composite?
False
Is 270593065 a composite number?
True
Is 102131936993 prime?
True
Is 46282906837 a prime number?
True
Is 1499235481 a composite number?
True
Is 1686360421 a prime number?
True
Is 12521277277 prime?
False
Is 127769261 prime?
True
Is 2669538818 composite?
True
Is 15061874621 a composite number?
True
Is 4817766419 prime?
True
Is 392142209 a prime number?
True
Is 14747324281 composite?
True
Is 13636555981 a composite number?
True
Is 4428617981 composite?
True
Is 20742626 prime?
False
Is 44231009 composite?
False
Is 716398117 a composite number?
False
Is 116791607 prime?
True
Is 6677870273 composite?
False
Is 476271907 a prime number?
True
Is 401089291 a composite number?
False
Is 6640017119 composite?
False
Is 978519263 prime?
True
Is 614926621391 a composite number?
False
Is 306628537 a composite number?
False
Is 3234283813 a prime number?
False
Is 550703383 a composite number?
False
Is 1525547477 composite?
False
Is 12114242659 composite?
False
Is 576284179 a prime number?
True
Is 354712181 a prime number?
False
Is 25178785909 prime?
False
Is 3811311943 composite?
True
Is 3079348687 a prime number?
True
Is 32200171219 a composite number?
False
Is 1358213299 a composite number?
False
Is 699241771 a prime number?
False
Is 470956373 prime?
True
Is 1258879543 composite?
True
Is 1060100203 a composite number?
True
Is 265586513 a prime number?
False
Is 1055339407 prime?
True
Is 230225059 composite?
False
Is 102203273 a composite number?
False
Is 12087413801 composite?
True
Is 1256795513 prime?
True
Is 16853147711 composite?
False
Is 296827387 a prime number?
False
Is 399249959 a composite number?
False
Is 1355400958 prime?
False
Is 656452913 a prime number?
False
Is 630359219527 a composite number?
False
Is 1918289645 a prime number?
False
Is 106775937427 a composite number?
False
Is 62584974443 a prime number?
False
Is 2597895383 a prime number?
True
Is 3424244093 a prime number?
True
Is 3541372449 prime?
False
Is 67944190429 a composite number?
False
Is 402608471 prime?
False
Is 2255085959 prime?
False
Is 21034969889 a prime number?
True
Is 127678854467 a prime number?
False
Is 10293407521 composite?
False
Is 13637668157 a prime number?
True
Is 2347194571 composite?
True
Is 79100865433 a prime number?
True
Is 18284194861 a composite number?
False
Is 2607603949 composite?
True
Is 16479584581 a prime number?
True
Is 629197757 composite?
True
Is 117301808021 a composite number?
True
Is 1140693641 a prime number?
False
Is 659551111 prime?
False
Is 3069083027 a composite number?
True
Is 42702513043 a prime number?
True
Is 371253979 a composite number?
False
Is 51726431 composite?
True
Is 10679364023 prime?
False
Is 933544837 prime?
True
Is 72815064341 composite?
False
Is 23230109101 composite?
False
Is 1503946351 prime?
False
Is 555045669901 a composite number?
False
Is 27233128919 composite?
True
Is 17412277 composite?
True
Is 1333304887 a prime number?
True
Is 1904407457 a prime number?
False
Is 10160761607 prime?
False
Is 2491352741 a composite number?
True
Is 3761216861 a prime number?
True
Is 7927604057 a composite number?
False
Is 48777345181 a composite number?
False
Is 7279937273 a composite number?
True
Is 124921558 prime?
False
Is 422826431 composite?
True
Is 34808991367 a prime number?
True
Is 30529348873 a composite number?
False
Is 23079913 a composite number?
False
Is 12041430617 composite?
False
Is 2553845269 prime?
False
Is 19252811297 prime?
False
Is 3806678353 a composite number?
False
Is 5173647329 composite?
False
Is 32144269 a composite number?
False
Is 89866956603 prime?
False
Is 14306566751 a prime number?
False
Is 227024999 a composite number?
False
Is 641819399 a prime number?
False
Is 1525326269 a prime number?
True
Is 4694836373 a composite number?
False
Is 2275856719 composite?
False
Is 36163761773 composite?
False
Is 1260867793 a composite number?
True
Is 1415749187 composite?
False
Is 49127606267 composite?
False
Is 200630429 prime?
True
Is 60761627383 a composite number?
False
Is 14750293121 a composite number?
False
Is 224875379 a composite number?
True
Is 635250563 prime?
True
Is 6022793401 composite?
False
Is 89773048913 composite?
False
Is 141315617 a prime number?
False
Is 22750091069 a composite number?
False
Is 5144077399 a prime number?
True
Is 357964473 a prime number?
False
Is 15225885823 prime?
False
Is 18031309 composite?
False
Is 31330276163 prime?
False
Is 2167658287 composite?
True
Is 2503614431 a prime number?
False
Is 14472533069 composite?
False
Is 55069611067 prime?
False
Is 5389430147 prime?
False
Is 165698123 composite?
False
Is 753195977 a composite number?
True
Is 26825776787 a prime number?
False
Is 4714553419 a prime number?
True
Is 41997899213 a prime number?
False
Is 3764108731 a composite number?
False
Is 1327137397 composite?
False
Is 1627879481 composite?
False
Is 968771773 a composite number?
True
Is 5606409587 a prime number?
True
Is 4240187089 prime?
True
Is 2044573501 a composite number?
False
Is 3416440801 a composite number?
True
Is 119378201 prime?
True
Is 5085540263 a prime number?
True
Is 802298423 composite?
False
Is 5079716801 a prime number?
True
Is 242507952811 a composite number?
False
Is 1734420799 a composite number?
False
Is 225172007 a composite number?
False
Is 64357544429 a composite number?
False
Is 23412545341 a composite number?
False
Is 4985107 a composite numb